{"id":702,"date":"2019-01-16T16:40:06","date_gmt":"2019-01-16T16:40:06","guid":{"rendered":"http:\/\/christoph53-rc.de\/?page_id=702"},"modified":"2020-06-04T18:39:01","modified_gmt":"2020-06-04T18:39:01","slug":"lieferanten","status":"publish","type":"page","link":"http:\/\/christoph53-rc.de\/?page_id=702","title":{"rendered":"Lieferanten"},"content":{"rendered":"\n<p>Hier sind alle Lieferanten aufgef\u00fchrt bei denen ich Komponenten f\u00fcr die Erstellung des Modelles erworben habe<br><br><\/p>\n\n\n\n<p><\/p>\n\n\n\n<p><strong>Hersteller des Rumpf<\/strong><br>MasterArtHelis<br>Kleiberstrasse 15<br>91056 Erlangen<br><a href=\"http:\/\/www.masterart-helis.de\" target=\"_blank\" rel=\"noreferrer noopener\" aria-label=\"www.MasterArt-Helis.de (\u00f6ffnet in neuem Tab)\">www.MasterArt-Helis.de<\/a><br><br><br><strong>Mechanik<\/strong><br>Align<br><a rel=\"noreferrer noopener\" aria-label=\"https:\/\/www.freakware.de\/rc-helicopter\/align-rc-w302 (\u00f6ffnet in neuem Tab)\" href=\"https:\/\/www.freakware.de\/rc-helicopter\/align-rc-w302\" target=\"_blank\">https:\/\/www.freakware.de\/rc-helicopter\/align-rc-w302<\/a><\/p>\n\n\n\n<p><br><\/p>\n\n\n\n<p><strong>Jeti-Elektronik, Schrauben und Montagematerial<\/strong><br>Peter`s Schrauben und Modellbau-Welt<br>Mohrbrunner Strasse 3<br>66954 Pirmasens<br>Telefon: 06331-229319<br>P.Amschler@t-online.de<br><br><br><strong>Schmierstoffe<\/strong><br>\u00d6l-aus-B\u00f6hl, der A3Q-\u00d6lshop<br>Hochleistungsschmierstoffe Addinol Lube Oil GmbH<br>Bahnhofstr.14<br>67459 B\u00f6hl-Iggelheim<br><a rel=\"noreferrer noopener\" aria-label=\"www.A3Q-Oelshop.de (\u00f6ffnet in neuem Tab)\" href=\"http:\/\/www.A3Q-Oelshop.de\" target=\"_blank\">www.A3Q-Oelshop.de<\/a><br>Info@Oel-aus-Boehl.de<br><\/p>\n\n\n\n<figure class=\"wp-block-embed-youtube wp-block-embed is-type-video is-provider-youtube wp-embed-aspect-16-9 wp-has-aspect-ratio\"><div class=\"wp-block-embed__wrapper\">\n<iframe loading=\"lazy\" title=\"Schmierstoffe f\u00fcr den Modellbau, Modellbau\u00f6le, Rauch- \/Smoke\u00f6le , Modellbaufett von \u00d6l-aus-B\u00f6hl\" width=\"525\" height=\"295\" src=\"https:\/\/www.youtube.com\/embed\/5AbznbDgR7Y?feature=oembed\" frameborder=\"0\" allow=\"accelerometer; autoplay; clipboard-write; encrypted-media; gyroscope; picture-in-picture; web-share\" referrerpolicy=\"strict-origin-when-cross-origin\" allowfullscreen><\/iframe>\n<\/div><\/figure>\n\n\n\n<figure class=\"wp-block-image size-large\"><img loading=\"lazy\" decoding=\"async\" width=\"4032\" height=\"3024\" src=\"http:\/\/christoph53-rc.de\/wp-content\/uploads\/2020\/06\/IMG_5815-1.jpg\" alt=\"\" class=\"wp-image-2267\" srcset=\"http:\/\/christoph53-rc.de\/wp-content\/uploads\/2020\/06\/IMG_5815-1.jpg 4032w, http:\/\/christoph53-rc.de\/wp-content\/uploads\/2020\/06\/IMG_5815-1-300x225.jpg 300w, http:\/\/christoph53-rc.de\/wp-content\/uploads\/2020\/06\/IMG_5815-1-768x576.jpg 768w, http:\/\/christoph53-rc.de\/wp-content\/uploads\/2020\/06\/IMG_5815-1-1536x1152.jpg 1536w, http:\/\/christoph53-rc.de\/wp-content\/uploads\/2020\/06\/IMG_5815-1-2048x1536.jpg 2048w\" sizes=\"(max-width: 767px) 89vw, (max-width: 1000px) 54vw, (max-width: 1071px) 543px, 580px\" \/><\/figure>\n\n\n\n<p><br><br><strong>Rotorkopf<\/strong><br>PSG Dynamics<br>Peter Schmid GmbH<br>Siemensstra\u00dfe 7<br>74193 Schwaigern<br>Telefon: +49 (0)7138 \/ 812 71-0<br><a rel=\"noreferrer noopener\" aria-label=\"www.PSG-Dynamics.de (\u00f6ffnet in neuem Tab)\" href=\"http:\/\/www.PSG-Dynamics.de\" target=\"_blank\">www.PSG-Dynamics.de<\/a><br><a href=\"mailto:info@peterschmidgmbh.de\">info@peterschmidgmbh.de<\/a> <br><br><br><strong>Rotorbl\u00e4tter<\/strong><br>SpinBlades GmbH<br>Dethlinger Weg 23a<br>29649 Wietzendorf<br>Deutschland<br>Telefon: +49 5196 96 27 970<br>E-Mail: <a href=\"mailto:shop@spinblades.com?subject=Anfrage%20aus%20SpinBlades%20Impressum\">shop@spinblades.com<\/a><br><a rel=\"noreferrer noopener\" aria-label=\"https:\/\/spinblades.com (\u00f6ffnet in neuem Tab)\" href=\"https:\/\/spinblades.com\" target=\"_blank\">https:\/\/spinblades.com<\/a><br><br><\/p>\n\n\n\n<p><strong>Heckrotorteile<\/strong><br>microHELIS.de<br>Passstr. 138<br>52070 Aachen<br>Tel.: +49(0)241 911620<br>E-Mail: info@microhelis.de <br><a rel=\"noreferrer noopener\" aria-label=\"https:\/\/shop.microhelis.de (\u00f6ffnet in neuem Tab)\" href=\"https:\/\/shop.microhelis.de\" target=\"_blank\">https:\/\/shop.microhelis.de<\/a><br><br>freakware GmbH<br>Karl-Ferdinand-Braun Strasse 33<br>50170 Kerpen<br>Telefon: 02273-60188-99<br>info@freakware.de<br><a rel=\"noreferrer noopener\" aria-label=\"http:\/\/www.freakware.de (\u00f6ffnet in neuem Tab)\" href=\"http:\/\/www.freakware.de\" target=\"_blank\">http:\/\/www.freakware.de<\/a><br><\/p>\n\n\n\n<p><br><strong>Scale-Pilotenpuppen<\/strong><br><em>Pilot und HEMS<\/em> von <a rel=\"noreferrer noopener\" aria-label=\"www.scale-Pilots.ch (\u00f6ffnet in neuem Tab)\" href=\"http:\/\/www.scale-pilots.ch\" target=\"_blank\">www.scale-Pilots.ch<\/a><br><br>Notarzt von <a href=\"http:\/\/www.microhelis.de\">www.microhelis.de<\/a><\/p>\n\n\n\n<p><em>Stoff und Zubeh\u00f6r f\u00fcr die Overalls<\/em><br>Stoff-Basar Speyer<br>Franz-Kirrmayer-Strasse 20<br>67346 Speyer<br><a rel=\"noreferrer noopener\" aria-label=\"www.Stoff-Basar.de (\u00f6ffnet in neuem Tab)\" href=\"http:\/\/www.stoff-basar.de\" target=\"_blank\">www.Stoff-Basar.de<\/a><\/p>\n\n\n\n<p><br><strong>L\u00fcftungsgitter<\/strong><br>Heinrich Heidecker e.K.<br>Wimpfener Strasse 6 A<br>75172 Pforzheim<br><a rel=\"noreferrer noopener\" aria-label=\"https:\/\/www.heidecker.de\/foerderbaender\/ (\u00f6ffnet in neuem Tab)\" href=\"https:\/\/www.heidecker.de\/foerderbaender\/\" target=\"_blank\">https:\/\/www.heidecker.de\/foerderbaender\/<\/a><br><\/p>\n\n\n\n<p><br><strong>Rotorkopfabdeckung<\/strong><br>DICK &amp; DICK Laserschneid- und Systemtechnik GmbH<br>Gesch\u00e4ftsstelle<br>Generative Fertigung<br>Plautstra\u00dfe 20<br>04179 Leipzig<br>Tel.: 0341 &#8211; 337 55 355<br>EMail: prototyping@dick-dick.de<\/p>\n\n\n\n<p><\/p>\n\n\n\n<p><\/p>\n\n\n\n<p><strong>Plexiglas-Platten f\u00fcr Vitrine<\/strong><br>Liebrich Kunststoffe GmbH<br>Vogelwoogstrasse 23<br>67659 Kaiserslautern<br><a rel=\"noreferrer noopener\" aria-label=\"www.Kunststoffe-Liebrich.de (\u00f6ffnet in neuem Tab)\" href=\"http:\/\/www.Kunststoffe-Liebrich.de\" target=\"_blank\">www.Kunststoffe-Liebrich.de<\/a><\/p>\n\n\n\n<p><\/p>\n\n\n\n<p><strong>Scale-Teile (Einsinkschutz, \u00d6lk\u00fchler) und CAD Datenerstellung<\/strong><br>Scale-Print<br>Stefan Radau <br>Am Hang 21<br>59075 Hamm<br><a rel=\"noreferrer noopener\" aria-label=\"www.Scale-Print.de (\u00f6ffnet in neuem Tab)\" href=\"http:\/\/www.Scale-Print.de\" target=\"_blank\">www.Scale-Print.de<\/a><\/p>\n\n\n\n<p><\/p>\n\n\n\n<p><strong>Beleuchtung<\/strong><br>LED Profishop<br>Speikerner Stra\u00dfe 30<br>91244 Reichenschwand<br><a rel=\"noreferrer noopener\" aria-label=\"www.LEDProfishop.de (\u00f6ffnet in neuem Tab)\" href=\"http:\/\/www.LEDProfishop.de\" target=\"_blank\">www.LEDProfishop.de<\/a><\/p>\n\n\n\n<p><br><\/p>\n","protected":false},"excerpt":{"rendered":"<p>Hier sind alle Lieferanten aufgef\u00fchrt bei denen ich Komponenten f\u00fcr die Erstellung des Modelles erworben habe Hersteller des RumpfMasterArtHelisKleiberstrasse 1591056 Erlangenwww.MasterArt-Helis.de MechanikAlignhttps:\/\/www.freakware.de\/rc-helicopter\/align-rc-w302 Jeti-Elektronik, Schrauben und MontagematerialPeter`s Schrauben und Modellbau-WeltMohrbrunner Strasse 366954 PirmasensTelefon: 06331-229319P.Amschler@t-online.de Schmierstoffe\u00d6l-aus-B\u00f6hl, der A3Q-\u00d6lshopHochleistungsschmierstoffe Addinol Lube Oil GmbHBahnhofstr.1467459 B\u00f6hl-Iggelheimwww.A3Q-Oelshop.deInfo@Oel-aus-Boehl.de RotorkopfPSG DynamicsPeter Schmid GmbHSiemensstra\u00dfe 774193 SchwaigernTelefon: +49 (0)7138 \/ 812 71-0www.PSG-Dynamics.deinfo@peterschmidgmbh.de Rotorbl\u00e4tterSpinBlades GmbHDethlinger Weg &hellip; <\/p>\n<p class=\"link-more\"><a href=\"http:\/\/christoph53-rc.de\/?page_id=702\" class=\"more-link\"><span class=\"screen-reader-text\">\u201eLieferanten\u201c<\/span> weiterlesen<\/a><\/p>\n","protected":false},"author":1,"featured_media":0,"parent":0,"menu_order":0,"comment_status":"closed","ping_status":"closed","template":"","meta":{"ngg_post_thumbnail":0,"footnotes":""},"_links":{"self":[{"href":"http:\/\/christoph53-rc.de\/index.php?rest_route=\/wp\/v2\/pages\/702"}],"collection":[{"href":"http:\/\/christoph53-rc.de\/index.php?rest_route=\/wp\/v2\/pages"}],"about":[{"href":"http:\/\/christoph53-rc.de\/index.php?rest_route=\/wp\/v2\/types\/page"}],"author":[{"embeddable":true,"href":"http:\/\/christoph53-rc.de\/index.php?rest_route=\/wp\/v2\/users\/1"}],"replies":[{"embeddable":true,"href":"http:\/\/christoph53-rc.de\/index.php?rest_route=%2Fwp%2Fv2%2Fcomments&post=702"}],"version-history":[{"count":31,"href":"http:\/\/christoph53-rc.de\/index.php?rest_route=\/wp\/v2\/pages\/702\/revisions"}],"predecessor-version":[{"id":2281,"href":"http:\/\/christoph53-rc.de\/index.php?rest_route=\/wp\/v2\/pages\/702\/revisions\/2281"}],"wp:attachment":[{"href":"http:\/\/christoph53-rc.de\/index.php?rest_route=%2Fwp%2Fv2%2Fmedia&parent=702"}],"curies":[{"name":"wp","href":"https:\/\/api.w.org\/{rel}","templated":true}]}}